{"id":1117,"date":"2024-12-16T07:48:30","date_gmt":"2024-12-16T07:48:30","guid":{"rendered":"https:\/\/safarlunchochevent.se\/balsta\/?page_id=1117"},"modified":"2026-01-06T21:25:58","modified_gmt":"2026-01-06T21:25:58","slug":"catering","status":"publish","type":"page","link":"https:\/\/safarlunchochevent.se\/balsta\/catering\/","title":{"rendered":"Catering"},"content":{"rendered":"\t\t<div data-elementor-type=\"wp-page\" data-elementor-id=\"1117\" class=\"elementor elementor-1117\">\n\t\t\t\t<div class=\"elementor-element elementor-element-a550194 e-flex e-con-boxed e-con e-parent\" data-id=\"a550194\" data-element_type=\"container\" data-settings=\"{&quot;background_background&quot;:&quot;classic&quot;,&quot;jet_parallax_layout_list&quot;:[]}\">\n\t\t\t\t\t<div class=\"e-con-inner\">\n\t\t<div class=\"elementor-element elementor-element-cd8485c e-flex e-con-boxed e-con e-child\" data-id=\"cd8485c\" data-element_type=\"container\" data-settings=\"{&quot;jet_parallax_layout_list&quot;:[]}\">\n\t\t\t\t\t<div class=\"e-con-inner\">\n\t\t\t\t<div class=\"elementor-element elementor-element-6b89ae0 elementor-widget elementor-widget-heading\" data-id=\"6b89ae0\" data-element_type=\"widget\" data-widget_type=\"heading.default\">\n\t\t\t\t<div class=\"elementor-widget-container\">\n\t\t\t\t\t<h1 class=\"elementor-heading-title elementor-size-default\">CATERING<\/h1>\t\t\t\t<\/div>\n\t\t\t\t<\/div>\n\t\t\t\t\t<\/div>\n\t\t\t\t<\/div>\n\t\t\t\t\t<\/div>\n\t\t\t\t<\/div>\n\t\t<div class=\"elementor-element elementor-element-d145e18 e-flex e-con-boxed e-con e-parent\" data-id=\"d145e18\" data-element_type=\"container\" data-settings=\"{&quot;background_background&quot;:&quot;classic&quot;,&quot;jet_parallax_layout_list&quot;:[]}\">\n\t\t\t\t\t<div class=\"e-con-inner\">\n\t\t<div class=\"elementor-element elementor-element-3aaeff2 e-flex e-con-boxed e-con e-child\" data-id=\"3aaeff2\" data-element_type=\"container\" data-settings=\"{&quot;jet_parallax_layout_list&quot;:[]}\">\n\t\t\t\t\t<div class=\"e-con-inner\">\n\t\t\t\t<div class=\"elementor-element elementor-element-a912ae8 elementor-widget elementor-widget-heading\" data-id=\"a912ae8\" data-element_type=\"widget\" data-widget_type=\"heading.default\">\n\t\t\t\t<div class=\"elementor-widget-container\">\n\t\t\t\t\t<h2 class=\"elementor-heading-title elementor-size-default\">Catering i B\u00e5lsta fr\u00e5n Safar Lunch & Event\n<\/h2>\t\t\t\t<\/div>\n\t\t\t\t<\/div>\n\t\t\t\t<div class=\"elementor-element elementor-element-b758624 elementor-widget__width-initial elementor-widget-mobile__width-inherit elementor-widget elementor-widget-text-editor\" data-id=\"b758624\" data-element_type=\"widget\" data-widget_type=\"text-editor.default\">\n\t\t\t\t<div class=\"elementor-widget-container\">\n\t\t\t\t\t\t\t\t\t<p>Vi erbjuder v\u00e4llagad catering f\u00f6r br\u00f6llop, fester, f\u00f6retagsevent och andra tillst\u00e4llningar. V\u00e4lj bland v\u00e5ra popul\u00e4ra buff\u00e9er eller skr\u00e4ddarsy en meny som passar just dina behov. Med Safar Restaurang &amp; Catering f\u00e5r du god mat, smidigt uppl\u00e4gg och personlig service \u2013 perfekt f\u00f6r b\u00e5de sm\u00e5 och stora s\u00e4llskap.<\/p>\t\t\t\t\t\t\t\t<\/div>\n\t\t\t\t<\/div>\n\t\t\t\t\t<\/div>\n\t\t\t\t<\/div>\n\t\t\t\t<div class=\"elementor-element elementor-element-6f0da1b elementor-widget elementor-widget-heading\" data-id=\"6f0da1b\" data-element_type=\"widget\" data-widget_type=\"heading.default\">\n\t\t\t\t<div class=\"elementor-widget-container\">\n\t\t\t\t\t<h2 class=\"elementor-heading-title elementor-size-default\">Best\u00e4ll genom formul\u00e4ret nedan eller mail till<br>info@safarlunchochevent.se\n<br>Best\u00e4llning sker minst 5 arbetsdagar innan<br><br>Utk\u00f6rningsavgift 400 :- \/ best\u00e4llning\n- Alt. avh\u00e4mtning\n\n<\/h2>\t\t\t\t<\/div>\n\t\t\t\t<\/div>\n\t\t\t\t\t<\/div>\n\t\t\t\t<\/div>\n\t\t<div class=\"elementor-element elementor-element-4c2ea6e e-flex e-con-boxed e-con e-parent\" data-id=\"4c2ea6e\" data-element_type=\"container\" data-settings=\"{&quot;background_background&quot;:&quot;classic&quot;,&quot;jet_parallax_layout_list&quot;:[]}\">\n\t\t\t\t\t<div class=\"e-con-inner\">\n\t\t<div class=\"elementor-element elementor-element-c53972e e-con-full e-flex e-con e-child\" data-id=\"c53972e\" data-element_type=\"container\" data-settings=\"{&quot;jet_parallax_layout_list&quot;:[]}\">\n\t\t\t\t<div class=\"elementor-element elementor-element-19ed0a8 elementor-widget elementor-widget-heading\" data-id=\"19ed0a8\" data-element_type=\"widget\" data-widget_type=\"heading.default\">\n\t\t\t\t<div class=\"elementor-widget-container\">\n\t\t\t\t\t<h2 class=\"elementor-heading-title elementor-size-default\">Buff\u00e9r och sm\u00f6rg\u00e5st\u00e5rtor<\/h2>\t\t\t\t<\/div>\n\t\t\t\t<\/div>\n\t\t\t\t<\/div>\n\t\t<div class=\"elementor-element elementor-element-12daeb0 e-con-full e-flex e-con e-child\" data-id=\"12daeb0\" data-element_type=\"container\" data-settings=\"{&quot;jet_parallax_layout_list&quot;:[]}\">\n\t\t<div class=\"elementor-element elementor-element-51ccf71 e-con-full e-flex e-con e-child\" data-id=\"51ccf71\" data-element_type=\"container\" data-settings=\"{&quot;jet_parallax_layout_list&quot;:[]}\">\n\t\t\t\t<div class=\"elementor-element elementor-element-d13ca1f elementor-widget elementor-widget-heading\" data-id=\"d13ca1f\" data-element_type=\"widget\" data-widget_type=\"heading.default\">\n\t\t\t\t<div class=\"elementor-widget-container\">\n\t\t\t\t\t<h2 class=\"elementor-heading-title elementor-size-default\">Italiensk buff\u00e9<\/h2>\t\t\t\t<\/div>\n\t\t\t\t<\/div>\n\t\t\t\t<div class=\"elementor-element elementor-element-2dc6ba1 elementor-widget__width-initial elementor-widget-mobile__width-inherit elementor-widget elementor-widget-text-editor\" data-id=\"2dc6ba1\" data-element_type=\"widget\" data-widget_type=\"text-editor.default\">\n\t\t\t\t<div class=\"elementor-widget-container\">\n\t\t\t\t\t\t\t\t\t<p><em>295 kr \/ person &#8211; minst 8 pers<\/em><\/p>\t\t\t\t\t\t\t\t<\/div>\n\t\t\t\t<\/div>\n\t\t\t\t<div class=\"elementor-element elementor-element-f9186c0 elementor-widget__width-initial elementor-widget-mobile__width-inherit elementor-widget elementor-widget-text-editor\" data-id=\"f9186c0\" data-element_type=\"widget\" data-widget_type=\"text-editor.default\">\n\t\t\t\t<div class=\"elementor-widget-container\">\n\t\t\t\t\t\t\t\t\t<p>Lax rullader med chevre cr\u00e9me<\/p><p>Lufttorkad skinka med melon<\/p><p>Marinerad fl\u00e4skfil\u00e9 p\u00e5 ruccollab\u00e4dd<\/p><p>Paj med fetaost, soltorkad tomater &amp; r\u00f6dl\u00f6k<\/p><p>Mozzarella med tomat och basilika<\/p><p>Potatissallad med r\u00f6dl\u00f6k kapris och svarta oliver<\/p><p>Brieost och fikonmarmelad<\/p>\t\t\t\t\t\t\t\t<\/div>\n\t\t\t\t<\/div>\n\t\t\t\t<\/div>\n\t\t<div class=\"elementor-element elementor-element-2dc0562 e-con-full e-flex e-con e-child\" data-id=\"2dc0562\" data-element_type=\"container\" data-settings=\"{&quot;jet_parallax_layout_list&quot;:[]}\">\n\t\t\t\t<div class=\"elementor-element elementor-element-b56bd74 elementor-widget elementor-widget-heading\" data-id=\"b56bd74\" data-element_type=\"widget\" data-widget_type=\"heading.default\">\n\t\t\t\t<div class=\"elementor-widget-container\">\n\t\t\t\t\t<h2 class=\"elementor-heading-title elementor-size-default\">Grekisk buff\u00e9<\/h2>\t\t\t\t<\/div>\n\t\t\t\t<\/div>\n\t\t\t\t<div class=\"elementor-element elementor-element-19577d6 elementor-widget__width-initial elementor-widget-mobile__width-inherit elementor-widget elementor-widget-text-editor\" data-id=\"19577d6\" data-element_type=\"widget\" data-widget_type=\"text-editor.default\">\n\t\t\t\t<div class=\"elementor-widget-container\">\n\t\t\t\t\t\t\t\t\t<p><em>295 kr \/ person &#8211; minst 8 pers<\/em><\/p>\t\t\t\t\t\t\t\t<\/div>\n\t\t\t\t<\/div>\n\t\t\t\t<div class=\"elementor-element elementor-element-50f38df elementor-widget__width-initial elementor-widget-mobile__width-inherit elementor-widget elementor-widget-text-editor\" data-id=\"50f38df\" data-element_type=\"widget\" data-widget_type=\"text-editor.default\">\n\t\t\t\t<div class=\"elementor-widget-container\">\n\t\t\t\t\t\t\t\t\t<p>Grekisk paj med oliver och fetaost<\/p><p>Kycklingspett<\/p><p>K\u00f6ttf\u00e4rsspett med balsamiko bakade k\u00f6rsb\u00e4rstomater<\/p><p>Marinerade oliver<\/p><p>Rullar med r\u00e4kor, fetaost och soltorkade tomater<\/p><p>Grekisk sallad<\/p><p>Potatissallad<\/p><p>Tzatziki<\/p>\t\t\t\t\t\t\t\t<\/div>\n\t\t\t\t<\/div>\n\t\t\t\t<\/div>\n\t\t\t\t<\/div>\n\t\t\t\t<div class=\"elementor-element elementor-element-6db24e3 elementor-align-center elementor-widget elementor-widget-button\" data-id=\"6db24e3\" data-element_type=\"widget\" data-widget_type=\"button.default\">\n\t\t\t\t<div class=\"elementor-widget-container\">\n\t\t\t\t\t\t\t\t\t<div class=\"elementor-button-wrapper\">\n\t\t\t\t\t<a class=\"elementor-button elementor-button-link elementor-size-sm\" href=\"#bestall\">\n\t\t\t\t\t\t<span class=\"elementor-button-content-wrapper\">\n\t\t\t\t\t\t\t\t\t<span class=\"elementor-button-text\">Best\u00e4ll<\/span>\n\t\t\t\t\t<\/span>\n\t\t\t\t\t<\/a>\n\t\t\t\t<\/div>\n\t\t\t\t\t\t\t\t<\/div>\n\t\t\t\t<\/div>\n\t\t\t\t\t<\/div>\n\t\t\t\t<\/div>\n\t\t<div class=\"elementor-element elementor-element-54ed22c e-flex e-con-boxed e-con e-parent\" data-id=\"54ed22c\" data-element_type=\"container\" data-settings=\"{&quot;background_background&quot;:&quot;classic&quot;,&quot;jet_parallax_layout_list&quot;:[]}\">\n\t\t\t\t\t<div class=\"e-con-inner\">\n\t\t\t\t<div class=\"elementor-element elementor-element-6aced8a elementor-widget elementor-widget-text-editor\" data-id=\"6aced8a\" data-element_type=\"widget\" data-widget_type=\"text-editor.default\">\n\t\t\t\t<div class=\"elementor-widget-container\">\n\t\t\t\t\t\t\t\t\t<h3>Sm\u00f6rg\u00e5st\u00e5rtor<\/h3><p><em>(minst 8 bitar)<\/em><\/p><p>Lax, r\u00e4kor och skagenr\u00f6ra 120:-\/bit<\/p><p>Rostbiff och skinka 110:-\/bit<\/p><p>Ost och skinka 110:-\/bit<\/p>\t\t\t\t\t\t\t\t<\/div>\n\t\t\t\t<\/div>\n\t\t\t\t<div class=\"elementor-element elementor-element-8c75aa1 elementor-align-center elementor-widget elementor-widget-button\" data-id=\"8c75aa1\" data-element_type=\"widget\" data-widget_type=\"button.default\">\n\t\t\t\t<div class=\"elementor-widget-container\">\n\t\t\t\t\t\t\t\t\t<div class=\"elementor-button-wrapper\">\n\t\t\t\t\t<a class=\"elementor-button elementor-button-link elementor-size-sm\" href=\"#bestall\">\n\t\t\t\t\t\t<span class=\"elementor-button-content-wrapper\">\n\t\t\t\t\t\t\t\t\t<span class=\"elementor-button-text\">Best\u00e4ll<\/span>\n\t\t\t\t\t<\/span>\n\t\t\t\t\t<\/a>\n\t\t\t\t<\/div>\n\t\t\t\t\t\t\t\t<\/div>\n\t\t\t\t<\/div>\n\t\t\t\t\t<\/div>\n\t\t\t\t<\/div>\n\t\t<div class=\"elementor-element elementor-element-2bbef26 e-con-full e-flex e-con e-parent\" data-id=\"2bbef26\" data-element_type=\"container\" data-settings=\"{&quot;background_background&quot;:&quot;classic&quot;,&quot;jet_parallax_layout_list&quot;:[]}\">\n\t\t\t\t<div class=\"elementor-element elementor-element-58d3623 elementor-widget elementor-widget-menu-anchor\" data-id=\"58d3623\" data-element_type=\"widget\" data-widget_type=\"menu-anchor.default\">\n\t\t\t\t<div class=\"elementor-widget-container\">\n\t\t\t\t\t\t\t<div class=\"elementor-menu-anchor\" id=\"bestall\"><\/div>\n\t\t\t\t\t\t<\/div>\n\t\t\t\t<\/div>\n\t\t<div class=\"elementor-element elementor-element-a5c6c24 e-flex e-con-boxed e-con e-child\" data-id=\"a5c6c24\" data-element_type=\"container\" data-settings=\"{&quot;jet_parallax_layout_list&quot;:[],&quot;background_background&quot;:&quot;classic&quot;}\">\n\t\t\t\t\t<div class=\"e-con-inner\">\n\t\t<div class=\"elementor-element elementor-element-ef34d2d e-con-full e-flex e-con e-child\" data-id=\"ef34d2d\" data-element_type=\"container\" data-settings=\"{&quot;jet_parallax_layout_list&quot;:[]}\">\n\t\t\t\t<div class=\"elementor-element elementor-element-6d49896 elementor-widget__width-inherit elementor-widget elementor-widget-shortcode\" data-id=\"6d49896\" data-element_type=\"widget\" data-widget_type=\"shortcode.default\">\n\t\t\t\t<div class=\"elementor-widget-container\">\n\t\t\t\t\t\t\t<div class=\"elementor-shortcode\"><div class=\"forminator-ui forminator-custom-form forminator-custom-form-1333 forminator-design--flat  forminator_ajax\" data-forminator-render=\"0\" data-form=\"forminator-module-1333\" data-uid=\"69e4c7a94b749\"><br\/><\/div><form\n\t\t\t\tid=\"forminator-module-1333\"\n\t\t\t\tclass=\"forminator-ui forminator-custom-form forminator-custom-form-1333 forminator-design--flat  forminator_ajax\"\n\t\t\t\tmethod=\"post\"\n\t\t\t\tdata-forminator-render=\"0\"\n\t\t\t\tdata-form-id=\"1333\"\n\t\t\t\t\n\t\t\t\tdata-design=\"flat\"\n\t\t\t\t\n\t\t\t\t\n\t\t\t\t\n\t\t\t\tdata-grid=\"open\"\n\t\t\t\t\n\t\t\t\t\n\t\t\t\tstyle=\"display: none;\"\n\t\t\t\t\n\t\t\t\tdata-uid=\"69e4c7a94b749\"\n\t\t\t><div role=\"alert\" aria-live=\"polite\" class=\"forminator-response-message forminator-error\" aria-hidden=\"true\"><\/div><div class=\"forminator-row\"><div id=\"name-1\" class=\"forminator-field-name forminator-col forminator-col-12 \"><div class=\"forminator-field\"><label for=\"forminator-field-name-1_69e4c7a94b749\" id=\"forminator-field-name-1_69e4c7a94b749-label\" class=\"forminator-label\">Namn<\/label><input type=\"text\" name=\"name-1\" value=\"\" placeholder=\"Ditt namn\" id=\"forminator-field-name-1_69e4c7a94b749\" class=\"forminator-input forminator-name--field\" aria-required=\"false\" \/><\/div><\/div><\/div><div class=\"forminator-row\"><div id=\"email-1\" class=\"forminator-field-email forminator-col forminator-col-12 \"><div class=\"forminator-field\"><label for=\"forminator-field-email-1_69e4c7a94b749\" id=\"forminator-field-email-1_69e4c7a94b749-label\" class=\"forminator-label\">Din e-post<\/label><input type=\"email\" name=\"email-1\" value=\"\" placeholder=\"@\" id=\"forminator-field-email-1_69e4c7a94b749\" class=\"forminator-input forminator-email--field\" data-required=\"\" aria-required=\"false\" \/><\/div><\/div><\/div><div class=\"forminator-row\"><div id=\"phone-1\" class=\"forminator-field-phone forminator-col forminator-col-12 \"><div class=\"forminator-field\"><label for=\"forminator-field-phone-1_69e4c7a94b749\" id=\"forminator-field-phone-1_69e4c7a94b749-label\" class=\"forminator-label\">Telefon<\/label><input type=\"text\" name=\"phone-1\" value=\"\" placeholder=\"070-12 34 567\" id=\"forminator-field-phone-1_69e4c7a94b749\" class=\"forminator-input forminator-field--phone\" data-required=\"\" aria-required=\"false\" autocomplete=\"off\" \/><\/div><\/div><\/div><div class=\"forminator-row\"><div id=\"select-1\" class=\"forminator-field-select forminator-col forminator-col-12 \"><div class=\"forminator-field\"><label for=\"forminator-form-1333__field--select-1_69e4c7a94b749\" id=\"forminator-form-1333__field--select-1_69e4c7a94b749-label\" class=\"forminator-label\">V\u00e4lj<\/label><select  id=\"forminator-form-1333__field--select-1_69e4c7a94b749\" class=\"forminator-select--field forminator-select2 forminator-select2-multiple\" data-required=\"\" name=\"select-1\" data-default-value=\"\" data-hidden-behavior=\"zero\" data-placeholder=\"Antal personer\" data-search=\"false\" data-search-placeholder=\"Antal personer\" data-checkbox=\"false\" data-allow-clear=\"false\" aria-labelledby=\"forminator-form-1333__field--select-1_69e4c7a94b749-label\"><option value=\"\"  >Antal personer<\/option><option value=\"1 - 10 personer\"  data-calculation=\"0\">1 - 10 personer<\/option><option value=\"10 - 20 personer\"  data-calculation=\"0\">10 - 20 personer<\/option><option value=\"20---30-personer\"  data-calculation=\"0\">20 - 30 personer<\/option><option value=\"30---60-personer\"  data-calculation=\"0\">30 - 60 personer<\/option><option value=\"60---120-personer\"  data-calculation=\"0\">60 - 120 personer<\/option><option value=\"120+-personer\"  data-calculation=\"0\">120+ personer<\/option><\/select><\/div><\/div><\/div><div class=\"forminator-row\"><div id=\"select-2\" class=\"forminator-field-select forminator-col forminator-col-12 \"><div class=\"forminator-field\"><label for=\"forminator-form-1333__field--select-2_69e4c7a94b749\" id=\"forminator-form-1333__field--select-2_69e4c7a94b749-label\" class=\"forminator-label\">V\u00e4lj<\/label><select  id=\"forminator-form-1333__field--select-2_69e4c7a94b749\" class=\"forminator-select--field forminator-select2 forminator-select2-multiple\" data-required=\"\" name=\"select-2\" data-default-value=\"\" data-hidden-behavior=\"zero\" data-placeholder=\"Restaurang\" data-search=\"false\" data-search-placeholder=\"Restaurang\" data-checkbox=\"false\" data-allow-clear=\"false\" aria-labelledby=\"forminator-form-1333__field--select-2_69e4c7a94b749-label\"><option value=\"\"  >Restaurang<\/option><option value=\"bro\"  data-calculation=\"0\">Bro<\/option><option value=\"b\u00e5lsta\"  data-calculation=\"0\">B\u00e5lsta<\/option><option value=\"solna\"  data-calculation=\"0\">Solna<\/option><\/select><\/div><\/div><\/div><div class=\"forminator-row\"><div id=\"date-1\" class=\"forminator-field-date forminator-col forminator-col-12 \"><div class=\"forminator-field\"><label for=\"forminator-field-date-1-picker_69e4c7a94b749\" id=\"forminator-field-date-1-picker_69e4c7a94b749-label\" class=\"forminator-label\">\u00d6nskat datum<\/label><div class=\"forminator-input-with-icon\"><span class=\"forminator-icon-calendar\" aria-hidden=\"true\"><\/span><input autocomplete=\"off\" type=\"text\" size=\"1\" name=\"date-1\" value=\"\" placeholder=\"V\u00e4lj \u00f6nskat datum\" id=\"forminator-field-date-1-picker_69e4c7a94b749\" class=\"forminator-input forminator-datepicker\" data-required=\"\" data-format=\"dd\/mm\/yy\" data-restrict-type=\"\" data-restrict=\"\" data-start-year=\"1926\" data-end-year=\"2126\" data-past-dates=\"enable\" data-start-of-week=\"1\" data-start-date=\"\" data-end-date=\"\" data-start-field=\"\" data-end-field=\"\" data-start-offset=\"\" data-end-offset=\"\" data-disable-date=\"\" data-disable-range=\"\" \/><\/div><\/div><\/div><\/div><div class=\"forminator-row\"><div id=\"textarea-1\" class=\"forminator-field-textarea forminator-col forminator-col-12 \"><div class=\"forminator-field\"><label for=\"forminator-field-textarea-1_69e4c7a94b749\" id=\"forminator-field-textarea-1_69e4c7a94b749-label\" class=\"forminator-label\">\u00d6vrigt meddelande<\/label><textarea name=\"textarea-1\" placeholder=\"Ber\u00e4tta mer om era \u00f6nskem\u00e5l\" id=\"forminator-field-textarea-1_69e4c7a94b749\" class=\"forminator-textarea\" rows=\"6\" style=\"min-height:140px;\" ><\/textarea><\/div><\/div><\/div><div class=\"forminator-row\"><div id=\"captcha-1\" class=\"forminator-field-captcha forminator-col forminator-col-12 \"><div class=\"forminator-captcha-left forminator-g-recaptcha\" data-theme=\"light\"  data-sitekey=\"6LeXAgUsAAAAANYRI0SavvIZ1bgVVsMYf4yhxEdi\" data-size=\"normal\"><\/div> <\/div><\/div><input type=\"hidden\" name=\"referer_url\" value=\"\" \/><div class=\"forminator-row forminator-row-last\"><div class=\"forminator-col\"><div class=\"forminator-field\"><button class=\"forminator-button forminator-button-submit\">Skicka<\/button><\/div><\/div><\/div><input type=\"hidden\" id=\"forminator_nonce\" name=\"forminator_nonce\" value=\"a55f25ba94\" \/><input type=\"hidden\" name=\"_wp_http_referer\" value=\"\/balsta\/wp-json\/wp\/v2\/pages\/1117\" \/><input type=\"hidden\" name=\"form_id\" value=\"1333\"><input type=\"hidden\" name=\"page_id\" value=\"1117\"><input type=\"hidden\" name=\"form_type\" value=\"default\"><input type=\"hidden\" name=\"current_url\" value=\"https:\/\/safarlunchochevent.se\/balsta\/catering\/\"><input type=\"hidden\" name=\"render_id\" value=\"0\"><input type=\"hidden\" name=\"action\" value=\"forminator_submit_form_custom-forms\"><\/form><\/div>\n\t\t\t\t\t\t<\/div>\n\t\t\t\t<\/div>\n\t\t\t\t<\/div>\n\t\t\t\t\t<\/div>\n\t\t\t\t<\/div>\n\t\t\t\t<\/div>\n\t\t<div class=\"elementor-element elementor-element-0b1608c e-flex e-con-boxed e-con e-parent\" data-id=\"0b1608c\" data-element_type=\"container\" data-settings=\"{&quot;jet_parallax_layout_list&quot;:[]}\">\n\t\t\t\t\t<div class=\"e-con-inner\">\n\t\t\t\t\t<\/div>\n\t\t\t\t<\/div>\n\t\t\t\t<\/div>\n\t\t","protected":false},"excerpt":{"rendered":"<p>CATERING Catering i B\u00e5lsta fr\u00e5n Safar Lunch &#038; Event Vi erbjuder v\u00e4llagad catering f\u00f6r br\u00f6llop, fester, f\u00f6retagsevent och andra tillst\u00e4llningar. V\u00e4lj bland v\u00e5ra popul\u00e4ra buff\u00e9er eller skr\u00e4ddarsy en meny som passar just dina behov. Med Safar Restaurang &amp; Catering f\u00e5r du god mat, smidigt uppl\u00e4gg och personlig service \u2013 perfekt f\u00f6r b\u00e5de sm\u00e5 och stora [&hellip;]<\/p>\n","protected":false},"author":1,"featured_media":0,"parent":0,"menu_order":0,"comment_status":"closed","ping_status":"closed","template":"","meta":{"inline_featured_image":false,"footnotes":""},"class_list":["post-1117","page","type-page","status-publish","hentry"],"yoast_head":"<!-- This site is optimized with the Yoast SEO plugin v25.1 - https:\/\/yoast.com\/wordpress\/plugins\/seo\/ -->\n<title>Catering - Safar Restaurang &amp; Catering<\/title>\n<meta name=\"robots\" content=\"index, follow, max-snippet:-1, max-image-preview:large, max-video-preview:-1\" \/>\n<link rel=\"canonical\" href=\"https:\/\/safarlunchochevent.se\/balsta\/catering\/\" \/>\n<meta property=\"og:locale\" content=\"sv_SE\" \/>\n<meta property=\"og:type\" content=\"article\" \/>\n<meta property=\"og:title\" content=\"Catering - Safar Restaurang &amp; Catering\" \/>\n<meta property=\"og:description\" content=\"CATERING Catering i B\u00e5lsta fr\u00e5n Safar Lunch &#038; Event Vi erbjuder v\u00e4llagad catering f\u00f6r br\u00f6llop, fester, f\u00f6retagsevent och andra tillst\u00e4llningar. V\u00e4lj bland v\u00e5ra popul\u00e4ra buff\u00e9er eller skr\u00e4ddarsy en meny som passar just dina behov. Med Safar Restaurang &amp; Catering f\u00e5r du god mat, smidigt uppl\u00e4gg och personlig service \u2013 perfekt f\u00f6r b\u00e5de sm\u00e5 och stora [&hellip;]\" \/>\n<meta property=\"og:url\" content=\"https:\/\/safarlunchochevent.se\/balsta\/catering\/\" \/>\n<meta property=\"og:site_name\" content=\"Safar Restaurang &amp; Catering\" \/>\n<meta property=\"article:modified_time\" content=\"2026-01-06T21:25:58+00:00\" \/>\n<meta name=\"twitter:card\" content=\"summary_large_image\" \/>\n<meta name=\"twitter:label1\" content=\"Ber\u00e4knad l\u00e4stid\" \/>\n\t<meta name=\"twitter:data1\" content=\"2 minuter\" \/>\n<script type=\"application\/ld+json\" class=\"yoast-schema-graph\">{\"@context\":\"https:\/\/schema.org\",\"@graph\":[{\"@type\":\"WebPage\",\"@id\":\"https:\/\/safarlunchochevent.se\/balsta\/catering\/\",\"url\":\"https:\/\/safarlunchochevent.se\/balsta\/catering\/\",\"name\":\"Catering - Safar Restaurang &amp; Catering\",\"isPartOf\":{\"@id\":\"https:\/\/safarlunchochevent.se\/balsta\/#website\"},\"datePublished\":\"2024-12-16T07:48:30+00:00\",\"dateModified\":\"2026-01-06T21:25:58+00:00\",\"breadcrumb\":{\"@id\":\"https:\/\/safarlunchochevent.se\/balsta\/catering\/#breadcrumb\"},\"inLanguage\":\"sv-SE\",\"potentialAction\":[{\"@type\":\"ReadAction\",\"target\":[\"https:\/\/safarlunchochevent.se\/balsta\/catering\/\"]}]},{\"@type\":\"BreadcrumbList\",\"@id\":\"https:\/\/safarlunchochevent.se\/balsta\/catering\/#breadcrumb\",\"itemListElement\":[{\"@type\":\"ListItem\",\"position\":1,\"name\":\"Hem\",\"item\":\"https:\/\/safarlunchochevent.se\/balsta\/\"},{\"@type\":\"ListItem\",\"position\":2,\"name\":\"Catering\"}]},{\"@type\":\"WebSite\",\"@id\":\"https:\/\/safarlunchochevent.se\/balsta\/#website\",\"url\":\"https:\/\/safarlunchochevent.se\/balsta\/\",\"name\":\"Safar Restaurang &amp; Catering\",\"description\":\"\",\"potentialAction\":[{\"@type\":\"SearchAction\",\"target\":{\"@type\":\"EntryPoint\",\"urlTemplate\":\"https:\/\/safarlunchochevent.se\/balsta\/?s={search_term_string}\"},\"query-input\":{\"@type\":\"PropertyValueSpecification\",\"valueRequired\":true,\"valueName\":\"search_term_string\"}}],\"inLanguage\":\"sv-SE\"}]}<\/script>\n<!-- \/ Yoast SEO plugin. -->","yoast_head_json":{"title":"Catering - Safar Restaurang &amp; Catering","robots":{"index":"index","follow":"follow","max-snippet":"max-snippet:-1","max-image-preview":"max-image-preview:large","max-video-preview":"max-video-preview:-1"},"canonical":"https:\/\/safarlunchochevent.se\/balsta\/catering\/","og_locale":"sv_SE","og_type":"article","og_title":"Catering - Safar Restaurang &amp; Catering","og_description":"CATERING Catering i B\u00e5lsta fr\u00e5n Safar Lunch &#038; Event Vi erbjuder v\u00e4llagad catering f\u00f6r br\u00f6llop, fester, f\u00f6retagsevent och andra tillst\u00e4llningar. V\u00e4lj bland v\u00e5ra popul\u00e4ra buff\u00e9er eller skr\u00e4ddarsy en meny som passar just dina behov. Med Safar Restaurang &amp; Catering f\u00e5r du god mat, smidigt uppl\u00e4gg och personlig service \u2013 perfekt f\u00f6r b\u00e5de sm\u00e5 och stora [&hellip;]","og_url":"https:\/\/safarlunchochevent.se\/balsta\/catering\/","og_site_name":"Safar Restaurang &amp; Catering","article_modified_time":"2026-01-06T21:25:58+00:00","twitter_card":"summary_large_image","twitter_misc":{"Ber\u00e4knad l\u00e4stid":"2 minuter"},"schema":{"@context":"https:\/\/schema.org","@graph":[{"@type":"WebPage","@id":"https:\/\/safarlunchochevent.se\/balsta\/catering\/","url":"https:\/\/safarlunchochevent.se\/balsta\/catering\/","name":"Catering - Safar Restaurang &amp; Catering","isPartOf":{"@id":"https:\/\/safarlunchochevent.se\/balsta\/#website"},"datePublished":"2024-12-16T07:48:30+00:00","dateModified":"2026-01-06T21:25:58+00:00","breadcrumb":{"@id":"https:\/\/safarlunchochevent.se\/balsta\/catering\/#breadcrumb"},"inLanguage":"sv-SE","potentialAction":[{"@type":"ReadAction","target":["https:\/\/safarlunchochevent.se\/balsta\/catering\/"]}]},{"@type":"BreadcrumbList","@id":"https:\/\/safarlunchochevent.se\/balsta\/catering\/#breadcrumb","itemListElement":[{"@type":"ListItem","position":1,"name":"Hem","item":"https:\/\/safarlunchochevent.se\/balsta\/"},{"@type":"ListItem","position":2,"name":"Catering"}]},{"@type":"WebSite","@id":"https:\/\/safarlunchochevent.se\/balsta\/#website","url":"https:\/\/safarlunchochevent.se\/balsta\/","name":"Safar Restaurang &amp; Catering","description":"","potentialAction":[{"@type":"SearchAction","target":{"@type":"EntryPoint","urlTemplate":"https:\/\/safarlunchochevent.se\/balsta\/?s={search_term_string}"},"query-input":{"@type":"PropertyValueSpecification","valueRequired":true,"valueName":"search_term_string"}}],"inLanguage":"sv-SE"}]}},"_links":{"self":[{"href":"https:\/\/safarlunchochevent.se\/balsta\/wp-json\/wp\/v2\/pages\/1117","targetHints":{"allow":["GET"]}}],"collection":[{"href":"https:\/\/safarlunchochevent.se\/balsta\/wp-json\/wp\/v2\/pages"}],"about":[{"href":"https:\/\/safarlunchochevent.se\/balsta\/wp-json\/wp\/v2\/types\/page"}],"author":[{"embeddable":true,"href":"https:\/\/safarlunchochevent.se\/balsta\/wp-json\/wp\/v2\/users\/1"}],"replies":[{"embeddable":true,"href":"https:\/\/safarlunchochevent.se\/balsta\/wp-json\/wp\/v2\/comments?post=1117"}],"version-history":[{"count":53,"href":"https:\/\/safarlunchochevent.se\/balsta\/wp-json\/wp\/v2\/pages\/1117\/revisions"}],"predecessor-version":[{"id":2783,"href":"https:\/\/safarlunchochevent.se\/balsta\/wp-json\/wp\/v2\/pages\/1117\/revisions\/2783"}],"wp:attachment":[{"href":"https:\/\/safarlunchochevent.se\/balsta\/wp-json\/wp\/v2\/media?parent=1117"}],"curies":[{"name":"wp","href":"https:\/\/api.w.org\/{rel}","templated":true}]}}